{"id":1838,"date":"2023-08-21T11:51:27","date_gmt":"2023-08-21T14:51:27","guid":{"rendered":"https:\/\/colegiojesusmariajose.org.br\/goiania\/?page_id=1838"},"modified":"2024-05-17T11:47:44","modified_gmt":"2024-05-17T14:47:44","slug":"proposta-pedagogica","status":"publish","type":"page","link":"https:\/\/colegiojesusmariajose.org.br\/goiania\/proposta-pedagogica\/","title":{"rendered":"PROPOSTA PEDAG\u00d3GICA"},"content":{"rendered":"\t\t<div data-elementor-type=\"wp-page\" data-elementor-id=\"1838\" class=\"elementor elementor-1838\" data-elementor-post-type=\"page\">\n\t\t\t\t<div class=\"elementor-element elementor-element-28984b7 animated-slow e-flex e-con-boxed elementor-invisible e-con e-parent\" data-id=\"28984b7\" data-element_type=\"container\" data-settings=\"{&quot;background_background&quot;:&quot;classic&quot;,&quot;animation&quot;:&quot;fadeIn&quot;}\">\n\t\t\t\t\t<div class=\"e-con-inner\">\n\t\t\t\t<div class=\"elementor-element elementor-element-67e0402 elementor-widget elementor-widget-spacer\" data-id=\"67e0402\" data-element_type=\"widget\" data-widget_type=\"spacer.default\">\n\t\t\t\t<div class=\"elementor-widget-container\">\n\t\t\t\t\t\t\t<div class=\"elementor-spacer\">\n\t\t\t<div class=\"elementor-spacer-inner\"><\/div>\n\t\t<\/div>\n\t\t\t\t\t\t<\/div>\n\t\t\t\t<\/div>\n\t\t\t\t<div class=\"elementor-element elementor-element-6f11e893 elementor-widget elementor-widget-heading\" data-id=\"6f11e893\" data-element_type=\"widget\" data-widget_type=\"heading.default\">\n\t\t\t\t<div class=\"elementor-widget-container\">\n\t\t\t\t\t<h2 class=\"elementor-heading-title elementor-size-default\">Proposta Pedag\u00f3gica<\/h2>\t\t\t\t<\/div>\n\t\t\t\t<\/div>\n\t\t\t\t<div class=\"elementor-element elementor-element-46ef1b57 elementor-widget elementor-widget-spacer\" data-id=\"46ef1b57\" data-element_type=\"widget\" data-widget_type=\"spacer.default\">\n\t\t\t\t<div class=\"elementor-widget-container\">\n\t\t\t\t\t\t\t<div class=\"elementor-spacer\">\n\t\t\t<div class=\"elementor-spacer-inner\"><\/div>\n\t\t<\/div>\n\t\t\t\t\t\t<\/div>\n\t\t\t\t<\/div>\n\t\t\t\t\t<\/div>\n\t\t\t\t<\/div>\n\t\t<div class=\"elementor-element elementor-element-5972638f e-flex e-con-boxed e-con e-parent\" data-id=\"5972638f\" data-element_type=\"container\">\n\t\t\t\t\t<div class=\"e-con-inner\">\n\t\t\t\t<div class=\"elementor-element elementor-element-2087c4ff elementor-widget elementor-widget-spacer\" data-id=\"2087c4ff\" data-element_type=\"widget\" data-widget_type=\"spacer.default\">\n\t\t\t\t<div class=\"elementor-widget-container\">\n\t\t\t\t\t\t\t<div class=\"elementor-spacer\">\n\t\t\t<div class=\"elementor-spacer-inner\"><\/div>\n\t\t<\/div>\n\t\t\t\t\t\t<\/div>\n\t\t\t\t<\/div>\n\t\t\t\t\t<\/div>\n\t\t\t\t<\/div>\n\t\t<div class=\"elementor-element elementor-element-287c668 e-flex e-con-boxed e-con e-parent\" data-id=\"287c668\" data-element_type=\"container\">\n\t\t\t\t\t<div class=\"e-con-inner\">\n\t\t<div class=\"elementor-element elementor-element-b8e0c15 e-con-full e-flex e-con e-child\" data-id=\"b8e0c15\" data-element_type=\"container\">\n\t\t\t\t<div class=\"elementor-element elementor-element-4fc9e56 elementor-widget elementor-widget-text-editor\" data-id=\"4fc9e56\" data-element_type=\"widget\" data-widget_type=\"text-editor.default\">\n\t\t\t\t<div class=\"elementor-widget-container\">\n\t\t\t\t\t\t\t\t\t<p><span style=\"font-weight: 400;\">A nossa proposta pedag\u00f3gica est\u00e1 pautada em uma educa\u00e7\u00e3o de qualidade com uma s\u00f3lida forma\u00e7\u00e3o humana. Aqui, o aluno \u00e9 estimulado a desenvolver todas as suas potencialidades, por meio do conhecimento, do exerc\u00edcio da \u00e9tica e da forma\u00e7\u00e3o cidad\u00e3.<\/span><\/p><p><span style=\"font-weight: 400;\">O Col\u00e9gio Jesus Maria Jos\u00e9 acolhe os alunos, os pais e a comunidade de bra\u00e7os abertos, fortalecendo a uni\u00e3o entre a escola e a fam\u00edlia, por meio do respeito m\u00fatuo no processo de ensino.<\/span><\/p>\t\t\t\t\t\t\t\t<\/div>\n\t\t\t\t<\/div>\n\t\t\t\t<\/div>\n\t\t<div class=\"elementor-element elementor-element-606113e e-con-full e-flex e-con e-child\" data-id=\"606113e\" data-element_type=\"container\">\n\t\t\t\t<div class=\"elementor-element elementor-element-06818a8 elementor-widget elementor-widget-image\" data-id=\"06818a8\" data-element_type=\"widget\" data-widget_type=\"image.default\">\n\t\t\t\t<div class=\"elementor-widget-container\">\n\t\t\t\t\t\t\t\t\t\t\t\t\t\t\t<img fetchpriority=\"high\" decoding=\"async\" width=\"800\" height=\"546\" src=\"https:\/\/colegiojesusmariajose.org.br\/goiania\/wp-content\/uploads\/2024\/05\/MG_9284-1024x699.jpg\" class=\"attachment-large size-large wp-image-3840\" alt=\"\" srcset=\"https:\/\/colegiojesusmariajose.org.br\/goiania\/wp-content\/uploads\/2024\/05\/MG_9284-1024x699.jpg 1024w, https:\/\/colegiojesusmariajose.org.br\/goiania\/wp-content\/uploads\/2024\/05\/MG_9284-300x205.jpg 300w, https:\/\/colegiojesusmariajose.org.br\/goiania\/wp-content\/uploads\/2024\/05\/MG_9284-768x524.jpg 768w, https:\/\/colegiojesusmariajose.org.br\/goiania\/wp-content\/uploads\/2024\/05\/MG_9284.jpg 1405w\" sizes=\"(max-width: 800px) 100vw, 800px\" \/>\t\t\t\t\t\t\t\t\t\t\t\t\t\t\t<\/div>\n\t\t\t\t<\/div>\n\t\t\t\t<\/div>\n\t\t\t\t\t<\/div>\n\t\t\t\t<\/div>\n\t\t<div class=\"elementor-element elementor-element-b12cbc e-flex e-con-boxed e-con e-parent\" data-id=\"b12cbc\" data-element_type=\"container\">\n\t\t\t\t\t<div class=\"e-con-inner\">\n\t\t\t\t<div class=\"elementor-element elementor-element-523932bb elementor-widget elementor-widget-spacer\" data-id=\"523932bb\" data-element_type=\"widget\" data-widget_type=\"spacer.default\">\n\t\t\t\t<div class=\"elementor-widget-container\">\n\t\t\t\t\t\t\t<div class=\"elementor-spacer\">\n\t\t\t<div class=\"elementor-spacer-inner\"><\/div>\n\t\t<\/div>\n\t\t\t\t\t\t<\/div>\n\t\t\t\t<\/div>\n\t\t\t\t\t<\/div>\n\t\t\t\t<\/div>\n\t\t<div class=\"elementor-element elementor-element-70f96f38 animated-slow e-flex e-con-boxed elementor-invisible e-con e-parent\" data-id=\"70f96f38\" data-element_type=\"container\" data-settings=\"{&quot;animation&quot;:&quot;fadeInUp&quot;}\">\n\t\t\t\t\t<div class=\"e-con-inner\">\n\t\t\t\t<div class=\"elementor-element elementor-element-d956820 elementor-widget elementor-widget-heading\" data-id=\"d956820\" data-element_type=\"widget\" data-widget_type=\"heading.default\">\n\t\t\t\t<div class=\"elementor-widget-container\">\n\t\t\t\t\t<h2 class=\"elementor-heading-title elementor-size-default\">Diferenciais<\/h2>\t\t\t\t<\/div>\n\t\t\t\t<\/div>\n\t\t\t\t\t<\/div>\n\t\t\t\t<\/div>\n\t\t<div class=\"elementor-element elementor-element-a9d6887 animated-slow e-flex e-con-boxed elementor-invisible e-con e-parent\" data-id=\"a9d6887\" data-element_type=\"container\" data-settings=\"{&quot;background_background&quot;:&quot;classic&quot;,&quot;animation&quot;:&quot;fadeInUp&quot;}\">\n\t\t\t\t\t<div class=\"e-con-inner\">\n\t\t<div class=\"elementor-element elementor-element-d27a0fd e-con-full e-flex e-con e-child\" data-id=\"d27a0fd\" data-element_type=\"container\">\n\t\t\t\t<div class=\"elementor-element elementor-element-8d52dfe elementor-widget__width-initial e-transform elementor-widget elementor-widget-image\" data-id=\"8d52dfe\" data-element_type=\"widget\" data-settings=\"{&quot;_transform_scale_effect_hover&quot;:{&quot;unit&quot;:&quot;px&quot;,&quot;size&quot;:1.100000000000000088817841970012523233890533447265625,&quot;sizes&quot;:[]},&quot;_transform_scale_effect_hover_widescreen&quot;:{&quot;unit&quot;:&quot;px&quot;,&quot;size&quot;:&quot;&quot;,&quot;sizes&quot;:[]},&quot;_transform_scale_effect_hover_tablet&quot;:{&quot;unit&quot;:&quot;px&quot;,&quot;size&quot;:&quot;&quot;,&quot;sizes&quot;:[]},&quot;_transform_scale_effect_hover_mobile&quot;:{&quot;unit&quot;:&quot;px&quot;,&quot;size&quot;:&quot;&quot;,&quot;sizes&quot;:[]}}\" data-widget_type=\"image.default\">\n\t\t\t\t<div class=\"elementor-widget-container\">\n\t\t\t\t\t\t\t\t\t\t\t\t\t\t\t<img decoding=\"async\" width=\"257\" height=\"256\" src=\"https:\/\/colegiojesusmariajose.org.br\/goiania\/wp-content\/uploads\/2023\/12\/Amabiente-acolhedor.png\" class=\"attachment-medium size-medium wp-image-3169\" alt=\"\" srcset=\"https:\/\/colegiojesusmariajose.org.br\/goiania\/wp-content\/uploads\/2023\/12\/Amabiente-acolhedor.png 257w, https:\/\/colegiojesusmariajose.org.br\/goiania\/wp-content\/uploads\/2023\/12\/Amabiente-acolhedor-150x150.png 150w\" sizes=\"(max-width: 257px) 100vw, 257px\" \/>\t\t\t\t\t\t\t\t\t\t\t\t\t\t\t<\/div>\n\t\t\t\t<\/div>\n\t\t\t\t<div class=\"elementor-element elementor-element-f797095 elementor-widget elementor-widget-heading\" data-id=\"f797095\" data-element_type=\"widget\" data-widget_type=\"heading.default\">\n\t\t\t\t<div class=\"elementor-widget-container\">\n\t\t\t\t\t<h4 class=\"elementor-heading-title elementor-size-default\">Ambiente acolhedor<\/h4>\t\t\t\t<\/div>\n\t\t\t\t<\/div>\n\t\t\t\t<\/div>\n\t\t<div class=\"elementor-element elementor-element-d442a15 e-con-full e-flex e-con e-child\" data-id=\"d442a15\" data-element_type=\"container\">\n\t\t\t\t<div class=\"elementor-element elementor-element-9e04257 elementor-widget__width-initial e-transform elementor-widget-tablet__width-initial elementor-widget elementor-widget-image\" data-id=\"9e04257\" data-element_type=\"widget\" data-settings=\"{&quot;_transform_scale_effect_hover&quot;:{&quot;unit&quot;:&quot;px&quot;,&quot;size&quot;:1.100000000000000088817841970012523233890533447265625,&quot;sizes&quot;:[]},&quot;_transform_scale_effect_hover_widescreen&quot;:{&quot;unit&quot;:&quot;px&quot;,&quot;size&quot;:&quot;&quot;,&quot;sizes&quot;:[]},&quot;_transform_scale_effect_hover_tablet&quot;:{&quot;unit&quot;:&quot;px&quot;,&quot;size&quot;:&quot;&quot;,&quot;sizes&quot;:[]},&quot;_transform_scale_effect_hover_mobile&quot;:{&quot;unit&quot;:&quot;px&quot;,&quot;size&quot;:&quot;&quot;,&quot;sizes&quot;:[]}}\" data-widget_type=\"image.default\">\n\t\t\t\t<div class=\"elementor-widget-container\">\n\t\t\t\t\t\t\t\t\t\t\t\t\t\t\t<img decoding=\"async\" width=\"300\" height=\"227\" src=\"https:\/\/colegiojesusmariajose.org.br\/goiania\/wp-content\/uploads\/2023\/07\/Ativo-101@300x-300x227.png\" class=\"attachment-medium size-medium wp-image-312\" alt=\"\" srcset=\"https:\/\/colegiojesusmariajose.org.br\/goiania\/wp-content\/uploads\/2023\/07\/Ativo-101@300x-300x227.png 300w, https:\/\/colegiojesusmariajose.org.br\/goiania\/wp-content\/uploads\/2023\/07\/Ativo-101@300x-768x582.png 768w, https:\/\/colegiojesusmariajose.org.br\/goiania\/wp-content\/uploads\/2023\/07\/Ativo-101@300x.png 1018w\" sizes=\"(max-width: 300px) 100vw, 300px\" \/>\t\t\t\t\t\t\t\t\t\t\t\t\t\t\t<\/div>\n\t\t\t\t<\/div>\n\t\t\t\t<div class=\"elementor-element elementor-element-c805fb0 elementor-widget elementor-widget-heading\" data-id=\"c805fb0\" data-element_type=\"widget\" data-widget_type=\"heading.default\">\n\t\t\t\t<div class=\"elementor-widget-container\">\n\t\t\t\t\t<h4 class=\"elementor-heading-title elementor-size-default\">Programa Bil\u00edngue<\/h4>\t\t\t\t<\/div>\n\t\t\t\t<\/div>\n\t\t\t\t<\/div>\n\t\t<div class=\"elementor-element elementor-element-bc1e5fd e-con-full e-flex e-con e-child\" data-id=\"bc1e5fd\" data-element_type=\"container\">\n\t\t\t\t<div class=\"elementor-element elementor-element-e1ccd92 elementor-widget__width-initial e-transform elementor-widget elementor-widget-image\" data-id=\"e1ccd92\" data-element_type=\"widget\" data-settings=\"{&quot;_transform_scale_effect_hover&quot;:{&quot;unit&quot;:&quot;px&quot;,&quot;size&quot;:1.100000000000000088817841970012523233890533447265625,&quot;sizes&quot;:[]},&quot;_transform_scale_effect_hover_widescreen&quot;:{&quot;unit&quot;:&quot;px&quot;,&quot;size&quot;:&quot;&quot;,&quot;sizes&quot;:[]},&quot;_transform_scale_effect_hover_tablet&quot;:{&quot;unit&quot;:&quot;px&quot;,&quot;size&quot;:&quot;&quot;,&quot;sizes&quot;:[]},&quot;_transform_scale_effect_hover_mobile&quot;:{&quot;unit&quot;:&quot;px&quot;,&quot;size&quot;:&quot;&quot;,&quot;sizes&quot;:[]}}\" data-widget_type=\"image.default\">\n\t\t\t\t<div class=\"elementor-widget-container\">\n\t\t\t\t\t\t\t\t\t\t\t\t\t\t\t<img loading=\"lazy\" decoding=\"async\" width=\"300\" height=\"213\" src=\"https:\/\/colegiojesusmariajose.org.br\/goiania\/wp-content\/uploads\/2023\/07\/Ativo-99@300x-300x213.png\" class=\"attachment-medium size-medium wp-image-307\" alt=\"\" srcset=\"https:\/\/colegiojesusmariajose.org.br\/goiania\/wp-content\/uploads\/2023\/07\/Ativo-99@300x-300x213.png 300w, https:\/\/colegiojesusmariajose.org.br\/goiania\/wp-content\/uploads\/2023\/07\/Ativo-99@300x-768x545.png 768w, https:\/\/colegiojesusmariajose.org.br\/goiania\/wp-content\/uploads\/2023\/07\/Ativo-99@300x.png 943w\" sizes=\"(max-width: 300px) 100vw, 300px\" \/>\t\t\t\t\t\t\t\t\t\t\t\t\t\t\t<\/div>\n\t\t\t\t<\/div>\n\t\t\t\t<div class=\"elementor-element elementor-element-aef315e elementor-widget elementor-widget-heading\" data-id=\"aef315e\" data-element_type=\"widget\" data-widget_type=\"heading.default\">\n\t\t\t\t<div class=\"elementor-widget-container\">\n\t\t\t\t\t<h4 class=\"elementor-heading-title elementor-size-default\">Forma\u00e7\u00e3o Humana<\/h4>\t\t\t\t<\/div>\n\t\t\t\t<\/div>\n\t\t\t\t<\/div>\n\t\t<div class=\"elementor-element elementor-element-918d2db e-con-full e-flex e-con e-child\" data-id=\"918d2db\" data-element_type=\"container\">\n\t\t\t\t<div class=\"elementor-element elementor-element-8852896 elementor-widget__width-initial e-transform elementor-widget elementor-widget-image\" data-id=\"8852896\" data-element_type=\"widget\" data-settings=\"{&quot;_transform_scale_effect_hover&quot;:{&quot;unit&quot;:&quot;px&quot;,&quot;size&quot;:1.100000000000000088817841970012523233890533447265625,&quot;sizes&quot;:[]},&quot;_transform_scale_effect_hover_widescreen&quot;:{&quot;unit&quot;:&quot;px&quot;,&quot;size&quot;:&quot;&quot;,&quot;sizes&quot;:[]},&quot;_transform_scale_effect_hover_tablet&quot;:{&quot;unit&quot;:&quot;px&quot;,&quot;size&quot;:&quot;&quot;,&quot;sizes&quot;:[]},&quot;_transform_scale_effect_hover_mobile&quot;:{&quot;unit&quot;:&quot;px&quot;,&quot;size&quot;:&quot;&quot;,&quot;sizes&quot;:[]}}\" data-widget_type=\"image.default\">\n\t\t\t\t<div class=\"elementor-widget-container\">\n\t\t\t\t\t\t\t\t\t\t\t\t\t\t\t<img loading=\"lazy\" decoding=\"async\" width=\"257\" height=\"256\" src=\"https:\/\/colegiojesusmariajose.org.br\/goiania\/wp-content\/uploads\/2024\/04\/Protagonista.png\" class=\"attachment-medium size-medium wp-image-3697\" alt=\"\" srcset=\"https:\/\/colegiojesusmariajose.org.br\/goiania\/wp-content\/uploads\/2024\/04\/Protagonista.png 257w, https:\/\/colegiojesusmariajose.org.br\/goiania\/wp-content\/uploads\/2024\/04\/Protagonista-150x150.png 150w\" sizes=\"(max-width: 257px) 100vw, 257px\" \/>\t\t\t\t\t\t\t\t\t\t\t\t\t\t\t<\/div>\n\t\t\t\t<\/div>\n\t\t\t\t<div class=\"elementor-element elementor-element-6aac96e elementor-widget elementor-widget-heading\" data-id=\"6aac96e\" data-element_type=\"widget\" data-widget_type=\"heading.default\">\n\t\t\t\t<div class=\"elementor-widget-container\">\n\t\t\t\t\t<h4 class=\"elementor-heading-title elementor-size-default\">Educa\u00e7\u00e3o de excel\u00eancia<\/h4>\t\t\t\t<\/div>\n\t\t\t\t<\/div>\n\t\t\t\t<\/div>\n\t\t\t\t\t<\/div>\n\t\t\t\t<\/div>\n\t\t<div class=\"elementor-element elementor-element-1e4a960f e-flex e-con-boxed e-con e-parent\" data-id=\"1e4a960f\" data-element_type=\"container\" data-settings=\"{&quot;background_background&quot;:&quot;classic&quot;}\">\n\t\t\t\t\t<div class=\"e-con-inner\">\n\t\t\t\t<div class=\"elementor-element elementor-element-44ffcc30 animated-slow elementor-invisible elementor-widget elementor-widget-heading\" data-id=\"44ffcc30\" data-element_type=\"widget\" data-settings=\"{&quot;_animation&quot;:&quot;fadeInUp&quot;}\" data-widget_type=\"heading.default\">\n\t\t\t\t<div class=\"elementor-widget-container\">\n\t\t\t\t\t<h2 class=\"elementor-heading-title elementor-size-default\">Parcerias<\/h2>\t\t\t\t<\/div>\n\t\t\t\t<\/div>\n\t\t\t\t\t<\/div>\n\t\t\t\t<\/div>\n\t\t<div class=\"elementor-element elementor-element-3938ea79 e-flex e-con-boxed e-con e-parent\" data-id=\"3938ea79\" data-element_type=\"container\" data-settings=\"{&quot;background_background&quot;:&quot;classic&quot;}\">\n\t\t\t\t\t<div class=\"e-con-inner\">\n\t\t\t\t<div class=\"elementor-element elementor-element-22b73448 animated-slow elementor-invisible elementor-widget elementor-widget-text-editor\" data-id=\"22b73448\" data-element_type=\"widget\" data-settings=\"{&quot;_animation&quot;:&quot;fadeInUp&quot;}\" data-widget_type=\"text-editor.default\">\n\t\t\t\t<div class=\"elementor-widget-container\">\n\t\t\t\t\t\t\t\t\t<p><span style=\"font-weight: 400;\">O Col\u00e9gio Jesus Maria Jos\u00e9 conta com parceiros que potencializam a proposta pedag\u00f3gica da nossa escola. <\/span><\/p>\t\t\t\t\t\t\t\t<\/div>\n\t\t\t\t<\/div>\n\t\t\t\t\t<\/div>\n\t\t\t\t<\/div>\n\t\t<div class=\"elementor-element elementor-element-305fc5c6 e-flex e-con-boxed e-con e-parent\" data-id=\"305fc5c6\" data-element_type=\"container\">\n\t\t\t\t\t<div class=\"e-con-inner\">\n\t\t\t\t<div class=\"elementor-element elementor-element-dd6b6e6 elementor-widget elementor-widget-spacer\" data-id=\"dd6b6e6\" data-element_type=\"widget\" data-widget_type=\"spacer.default\">\n\t\t\t\t<div class=\"elementor-widget-container\">\n\t\t\t\t\t\t\t<div class=\"elementor-spacer\">\n\t\t\t<div class=\"elementor-spacer-inner\"><\/div>\n\t\t<\/div>\n\t\t\t\t\t\t<\/div>\n\t\t\t\t<\/div>\n\t\t\t\t\t<\/div>\n\t\t\t\t<\/div>\n\t\t<div class=\"elementor-element elementor-element-b05a29a animated-slow e-flex e-con-boxed elementor-invisible e-con e-parent\" data-id=\"b05a29a\" data-element_type=\"container\" data-settings=\"{&quot;animation&quot;:&quot;fadeInUp&quot;}\">\n\t\t\t\t\t<div class=\"e-con-inner\">\n\t\t<div class=\"elementor-element elementor-element-8664b8c e-con-full e-flex e-con e-child\" data-id=\"8664b8c\" data-element_type=\"container\">\n\t\t\t\t<div class=\"elementor-element elementor-element-f370238 elementor-widget__width-initial elementor-widget elementor-widget-image\" data-id=\"f370238\" data-element_type=\"widget\" data-widget_type=\"image.default\">\n\t\t\t\t<div class=\"elementor-widget-container\">\n\t\t\t\t\t\t\t\t\t\t\t\t\t\t\t<img loading=\"lazy\" decoding=\"async\" width=\"241\" height=\"130\" src=\"https:\/\/colegiojesusmariajose.org.br\/goiania\/wp-content\/uploads\/2024\/02\/images_landing_page_1512281_SAS_bloco1_logo.png\" class=\"attachment-medium size-medium wp-image-3515\" alt=\"\" \/>\t\t\t\t\t\t\t\t\t\t\t\t\t\t\t<\/div>\n\t\t\t\t<\/div>\n\t\t\t\t<\/div>\n\t\t<div class=\"elementor-element elementor-element-25def0a e-con-full e-flex e-con e-child\" data-id=\"25def0a\" data-element_type=\"container\">\n\t\t\t\t<div class=\"elementor-element elementor-element-010683a elementor-widget elementor-widget-heading\" data-id=\"010683a\" data-element_type=\"widget\" data-widget_type=\"heading.default\">\n\t\t\t\t<div class=\"elementor-widget-container\">\n\t\t\t\t\t<h2 class=\"elementor-heading-title elementor-size-default\">SAS <\/h2>\t\t\t\t<\/div>\n\t\t\t\t<\/div>\n\t\t\t\t<div class=\"elementor-element elementor-element-bf78433 elementor-widget elementor-widget-text-editor\" data-id=\"bf78433\" data-element_type=\"widget\" data-widget_type=\"text-editor.default\">\n\t\t\t\t<div class=\"elementor-widget-container\">\n\t\t\t\t\t\t\t\t\t<p><span style=\"font-weight: 400;\">Com os materiais did\u00e1ticos da SAS Educa\u00e7\u00e3o, o Col\u00e9gio Jesus Maria Jos\u00e9 prepara os alunos para realizarem as melhores escolhas.<\/span><\/p><p><strong><u><a href=\"https:\/\/saseducacao.com.br\">Clique aqui<\/a><\/u><\/strong> e acesse o site.<\/p>\t\t\t\t\t\t\t\t<\/div>\n\t\t\t\t<\/div>\n\t\t\t\t<\/div>\n\t\t\t\t\t<\/div>\n\t\t\t\t<\/div>\n\t\t<div class=\"elementor-element elementor-element-cda73c6 e-flex e-con-boxed e-con e-parent\" data-id=\"cda73c6\" data-element_type=\"container\">\n\t\t\t\t\t<div class=\"e-con-inner\">\n\t\t\t\t<div class=\"elementor-element elementor-element-6018f0a elementor-widget elementor-widget-spacer\" data-id=\"6018f0a\" data-element_type=\"widget\" data-widget_type=\"spacer.default\">\n\t\t\t\t<div class=\"elementor-widget-container\">\n\t\t\t\t\t\t\t<div class=\"elementor-spacer\">\n\t\t\t<div class=\"elementor-spacer-inner\"><\/div>\n\t\t<\/div>\n\t\t\t\t\t\t<\/div>\n\t\t\t\t<\/div>\n\t\t\t\t\t<\/div>\n\t\t\t\t<\/div>\n\t\t<div class=\"elementor-element elementor-element-66edade animated-slow e-flex e-con-boxed elementor-invisible e-con e-parent\" data-id=\"66edade\" data-element_type=\"container\" data-settings=\"{&quot;animation&quot;:&quot;fadeInUp&quot;}\">\n\t\t\t\t\t<div class=\"e-con-inner\">\n\t\t<div class=\"elementor-element elementor-element-07f5a88 e-con-full e-flex e-con e-child\" data-id=\"07f5a88\" data-element_type=\"container\">\n\t\t\t\t<div class=\"elementor-element elementor-element-e70b9d0 elementor-widget__width-initial elementor-widget elementor-widget-image\" data-id=\"e70b9d0\" data-element_type=\"widget\" data-widget_type=\"image.default\">\n\t\t\t\t<div class=\"elementor-widget-container\">\n\t\t\t\t\t\t\t\t\t\t\t\t\t\t\t<img loading=\"lazy\" decoding=\"async\" width=\"300\" height=\"92\" src=\"https:\/\/colegiojesusmariajose.org.br\/goiania\/wp-content\/uploads\/2024\/05\/logo_PGS_03-300x92.png\" class=\"attachment-medium size-medium wp-image-3849\" alt=\"\" srcset=\"https:\/\/colegiojesusmariajose.org.br\/goiania\/wp-content\/uploads\/2024\/05\/logo_PGS_03-300x92.png 300w, https:\/\/colegiojesusmariajose.org.br\/goiania\/wp-content\/uploads\/2024\/05\/logo_PGS_03-1024x314.png 1024w, https:\/\/colegiojesusmariajose.org.br\/goiania\/wp-content\/uploads\/2024\/05\/logo_PGS_03-768x236.png 768w, https:\/\/colegiojesusmariajose.org.br\/goiania\/wp-content\/uploads\/2024\/05\/logo_PGS_03-1536x472.png 1536w, https:\/\/colegiojesusmariajose.org.br\/goiania\/wp-content\/uploads\/2024\/05\/logo_PGS_03-2048x629.png 2048w\" sizes=\"(max-width: 300px) 100vw, 300px\" \/>\t\t\t\t\t\t\t\t\t\t\t\t\t\t\t<\/div>\n\t\t\t\t<\/div>\n\t\t\t\t<\/div>\n\t\t<div class=\"elementor-element elementor-element-0e8741d e-con-full e-flex e-con e-child\" data-id=\"0e8741d\" data-element_type=\"container\">\n\t\t\t\t<div class=\"elementor-element elementor-element-23fb699 elementor-widget elementor-widget-heading\" data-id=\"23fb699\" data-element_type=\"widget\" data-widget_type=\"heading.default\">\n\t\t\t\t<div class=\"elementor-widget-container\">\n\t\t\t\t\t<h2 class=\"elementor-heading-title elementor-size-default\">PGS<\/h2>\t\t\t\t<\/div>\n\t\t\t\t<\/div>\n\t\t\t\t<div class=\"elementor-element elementor-element-df0de9e elementor-widget elementor-widget-text-editor\" data-id=\"df0de9e\" data-element_type=\"widget\" data-widget_type=\"text-editor.default\">\n\t\t\t\t<div class=\"elementor-widget-container\">\n\t\t\t\t\t\t\t\t\t<p>No Col\u00e9gio Jesus Maria Jos\u00e9, em parceria com a PGS, contamos com um Programa Intensivo de L\u00edngua Inglesa. Durante as aulas, os alunos desenvolvem a l\u00edngua inglesa por meio de conte\u00fados multidisciplinares e atividades que estimulam o protagonismo, o autoconhecimento e as habilidades de relacionamento.<\/p><p><strong><u><a href=\"https:\/\/www.pgsbrasil.com.br\/\">Clique aqui<\/a><\/u><\/strong> e acesse o site.<\/p>\t\t\t\t\t\t\t\t<\/div>\n\t\t\t\t<\/div>\n\t\t\t\t<\/div>\n\t\t\t\t\t<\/div>\n\t\t\t\t<\/div>\n\t\t<div class=\"elementor-element elementor-element-7e21a03 e-flex e-con-boxed e-con e-parent\" data-id=\"7e21a03\" data-element_type=\"container\">\n\t\t\t\t\t<div class=\"e-con-inner\">\n\t\t\t\t<div class=\"elementor-element elementor-element-a819f5a elementor-widget elementor-widget-spacer\" data-id=\"a819f5a\" data-element_type=\"widget\" data-widget_type=\"spacer.default\">\n\t\t\t\t<div class=\"elementor-widget-container\">\n\t\t\t\t\t\t\t<div class=\"elementor-spacer\">\n\t\t\t<div class=\"elementor-spacer-inner\"><\/div>\n\t\t<\/div>\n\t\t\t\t\t\t<\/div>\n\t\t\t\t<\/div>\n\t\t\t\t\t<\/div>\n\t\t\t\t<\/div>\n\t\t\t\t<\/div>\n\t\t","protected":false},"excerpt":{"rendered":"<p>Proposta Pedag\u00f3gica A nossa proposta pedag\u00f3gica est\u00e1 pautada em uma educa\u00e7\u00e3o de qualidade com uma s\u00f3lida forma\u00e7\u00e3o humana. Aqui, o aluno \u00e9 estimulado a desenvolver todas as suas potencialidades, por meio do conhecimento, do exerc\u00edcio da \u00e9tica e da forma\u00e7\u00e3o cidad\u00e3. O Col\u00e9gio Jesus Maria Jos\u00e9 acolhe os alunos, os pais e a comunidade de [&hellip;]<\/p>\n","protected":false},"author":1,"featured_media":0,"parent":0,"menu_order":0,"comment_status":"closed","ping_status":"closed","template":"elementor_header_footer","meta":{"footnotes":""},"class_list":["post-1838","page","type-page","status-publish","hentry"],"_links":{"self":[{"href":"https:\/\/colegiojesusmariajose.org.br\/goiania\/wp-json\/wp\/v2\/pages\/1838","targetHints":{"allow":["GET"]}}],"collection":[{"href":"https:\/\/colegiojesusmariajose.org.br\/goiania\/wp-json\/wp\/v2\/pages"}],"about":[{"href":"https:\/\/colegiojesusmariajose.org.br\/goiania\/wp-json\/wp\/v2\/types\/page"}],"author":[{"embeddable":true,"href":"https:\/\/colegiojesusmariajose.org.br\/goiania\/wp-json\/wp\/v2\/users\/1"}],"replies":[{"embeddable":true,"href":"https:\/\/colegiojesusmariajose.org.br\/goiania\/wp-json\/wp\/v2\/comments?post=1838"}],"version-history":[{"count":67,"href":"https:\/\/colegiojesusmariajose.org.br\/goiania\/wp-json\/wp\/v2\/pages\/1838\/revisions"}],"predecessor-version":[{"id":3852,"href":"https:\/\/colegiojesusmariajose.org.br\/goiania\/wp-json\/wp\/v2\/pages\/1838\/revisions\/3852"}],"wp:attachment":[{"href":"https:\/\/colegiojesusmariajose.org.br\/goiania\/wp-json\/wp\/v2\/media?parent=1838"}],"curies":[{"name":"wp","href":"https:\/\/api.w.org\/{rel}","templated":true}]}}